 second derivative of -q**5/20 - 7*q**4/12 + q**3/3 - 2*q**2 + 868*q. Calculate k(l).
-18
Let q(p) be the first derivative of -7 + 1/3*p**3 + 0*p**2 + 12*p. Suppose -x + 5*s = 5, 2*x + 1 + 0 = s. Calculate q(x).
12
Let d(o) be the third derivative of 83*o**2 + 2 - 3/20*o**5 + 0*o + 1/4*o**4 + 11/6*o**3 + 1/120*o**6. Give d(8).
-5
Let p(k) = k**3 - 13*k**2 - 3*k + 17. Let h(c) = -51*c - 1823. Let j be h(-36). Determine p(j).
-22
Let s(k) be the second derivative of 2 + 1/12*k**4 - 5*k + k**2 + 1/2*k**3. What is s(-4)?
6
Let h(i) = -i**2 + 31*i - 22. Let m be h(27). Suppose 18 = l + 15. Let o(r) = -88*r - r**l + 2*r**3 - 5*r**2 + m*r. Calculate o(5).
-10
Let t(y) = 23*y + 124. Suppose -3*i + 122 = -151*i - 618. Determine t(i).
9
Suppose -170*b = -131*b + 117. Let q(z) = -3*z - 18. Give q(b).
-9
Let b(z) = -4*z**2 - 53*z - 12. Let m(w) = 2*w**2 + 28*w + 8. Let j(o) = 5*b(o) + 9*m(o). Determine j(-10).
-58
Let w = -2609 + 2604. Let z(c) be the first derivative of 2*c**2 + 5*c + 90. Determine z(w).
-15
Let m(s) = 10*s**3 + 99*s**2 + 67*s + 52. Let u(z) = -7*z**3 - 67*z**2 - 44*z - 35. Let n(t) = -5*m(t) - 7*u(t). Calculate n(-25).
35
Let x(n) = 2*n**2 - 7*n + 19. Let j(d) = -d**2 - 91*d - 2022. Let s be j(-39). What is x(s)?
49
Let p(h) = h**2 + 4*h - 2. Suppose 5*y = 3*j - 191, -92 = -j - y - 3*y. Suppose 44 = 7*g + j. Let a be g/((16/40)/((-2)/(-5))). Give p(a).
-2
Let u(w) = -3*w**3 + 13*w**2 + 31*w + 5. Let h(i) = -4*i**3 + 13*i**2 + 33*i + 4. Suppose 4*q + 192 = 176. Let t(x) = q*h(x) + 5*u(x). Determine t(-11).
-2
Let f(m) = -m**2 + 8*m - 12. Let k = -296 - -298. Suppose -3*z = k*i - 31, -8 = -z - i + 4. Determine f(z).
-5
Let t(z) = z**2 - 5*z + 2. Let k = -226 + 85. Let b = -137 - k. Give t(b).
-2
Suppose -2*f = -34 + 24. Let p(k) = f + 1 - k - 1 - 1 + 2*k. Give p(-12).
-8
Suppose -5*z + d - 3*d = -10, d - 5 = -4*z. Suppose z = 6*b + 7*b. Let r(c) = -c**2 + c - 15. What is r(b)?
-15
Let l(f) = 4*f - 1. Let w be (312/(-40))/((-2)/(-10)). Let o = -49 - w. Let h = -8 - o. Calculate l(h).
7
Let m(b) = -19*b**2 + 8 + 7*b**2 + 7*b + 9*b + 14*b**2 + 9*b - 10*b. Let f be 2 + -1 + 0 - 8. Give m(f).
1
Suppose -10*s = 2*s. Suppose 15*v - 134 - 31 = s. Let q(n) = -n**3 + 11*n**2 - 4. Determine q(v).
-4
Let j(f) be the first derivative of -f**3/3 - 2*f**2 + 2*f + 652. What is j(-3)?
5
Let y(g) = -g**3 + 3*g**2 - 10*g + 28. Let j = 27785 - 27782. What is y(j)?
-2
Let q(m) = m + 3. Let g be (1 + 9)*((-524)/5)/(-4). Let b = g - 265. What is q(b)?
0
Let m(y) = -2 + 2*y**3 - 5*y - 3*y**3 + 3*y - 5. Let j be m(0). Let q(h) = -3*h. Let k(t) = 10*t - 1. Let a(n) = 2*k(n) + 7*q(n). What is a(j)?
5
Let i(r) be the second derivative of 1/6*r**3 - 21*r - 1/20*r**5 + 7/12*r**4 + r**2 + 1. Suppose 4*y = 12 + 16. Give i(y).
9
Let r(z) = 3*z**2 + 2*z - 1. Suppose -5*c + 4*p + 14 = -36, -2*p = -c + 10. Suppose -20 = 5*a - c. Let m be ((-23)/46)/(1/a). Determine r(m).
4
Let n(i) be the second derivative of -i**4/12 + 2*i**3/3 + 11*i**2/2 + i. Let k be n(5). Let h(q) = -q**3 + 5*q**2 + 3*q + 3. What is h(k)?
-15
Let n(y) = 19*y + 847. Let c(l) = 29*l + 1360. Let s(d) = -5*c(d) + 8*n(d). What is s(-12)?
-108
Let f(k) = 208*k + 635. Let u be f(-3). Let z(l) = 0*l - 11*l**2 + 51 - 61 + l + l**3. What is z(u)?
1
Let x(o) = -o**2 + o - 1. Let c be x(2). Let p(r) = 9 - 2*r + 1 - 13. Let j(z) = 11*z + 16. Let t(v) = -j(v) - 6*p(v). Give t(c).
-1
Let p be (-364)/(-30) - (-34)/(-765)*3. Let l(g) = g**2 - 16*g + 38. Determine l(p).
-10
Let y(q) = -13*q**2 + 2*q - 4. Let p(f) = 112*f**2 - 18*f + 36. Let x(g) = 3*p(g) + 26*y(g). What is x(2)?
-8
Suppose -14*m - 4*m + 22*m = 0. Suppose 7*q - 6*q + 2 = m. Let h(n) = 3*n**2 + 3*n + 3. Calculate h(q).
9
Let s(l) = l**3 + 4*l + 1. Let j(a) = -6*a**3 - 46*a**2 - 17*a - 25. Let m(i) = j(i) + 4*s(i). Determine m(-23).
2
Suppose -145*n = -142*n - 210. Suppose 9*m - n = 4*m. Let i(f) = -f**2 - 30 + 17 + 4*f + m. What is i(3)?
4
Let j(p) = -2*p**2 - 177*p + 125*p + 80*p - 47 + 24 + 3*p**2. Give j(-29).
6
Let z(m) = -m**3 - m**2 + m - 1. Let q(g) = -2*g**3 - 13*g**2 - 27*g - 76. Let c(n) = -q(n) + z(n). Give c(-10).
-5
Let l = -3276 + 3294. Let b(z) = -z**2 + 20*z - 5. Calculate b(l).
31
Let j(y) be the second derivative of 11*y**5/10 + y**4/12 + y**3/3 + 293*y. Calculate j(-2).
-176
Let w(n) = n + 2. Suppose 3*u = 5*q - 1, 0 = 15*u - 12*u - 4*q + 8. Calculate w(u).
-10
Suppose -3*n = -3, 2*v - 4*n - 2 = 6. Let m(i) be the third derivative of -i**6/120 + i**5/12 + i**4/4 - 3*i**3/2 - 3*i**2 + 192. Calculate m(v).
-9
Let r(c) be the first derivative of -2*c**2 - 10*c - 910. Determine r(-2).
-2
Let m be 0 + (-9 - (0 - 2)). Suppose -5*z + 9 + 8 = 3*q, z - 2*q - 6 = 0. Let d(a) = -a**2 + 0*a**2 + 9*a - z - 17*a. Determine d(m).
3
Let w(b) be the first derivative of 5*b**3/3 + 3*b**2/2 - 2*b + 66. Give w(-2).
12
Suppose -g = 3*h - 213, 0 = -2*g + 3*h - 83 + 473. Let z(l) = -192*l + 5 - 1 + g*l. Give z(2).
22
Let j(d) = -2*d. Let h(a) = -2*a + 29. Suppose -2*u = 3*u + k - 60, -5*u + 60 = -3*k. Let n be h(u). Suppose -l + o = -6, -n*l + 14 = -0*o - o. What is j(l)?
-4
Let v be ((-28)/(-10))/(-1)*(-1420)/(-71). Let y = v - -50. Let a(t) = 8 - t**3 - 5*t**2 + 0 + 6*t - 2. Give a(y).
6
Let y(q) = -5*q + 4 - 2*q + 2*q - q**2. Let i be ((14 - 6) + (-700)/75)/((-4)/(-18)). What is y(i)?
-2
Let c(r) = -8*r - 126. Let a be (-3)/5 + 27936/(-1940). What is c(a)?
-6
Let v = 4205 + -4215. Let n(a) = -a**2 - 9*a + 18. What is n(v)?
8
Let h(x) = x**2 + x - 7. Let t(z) = 3*z**2 + 2*z - 21. Let c(m) = -11*h(m) + 4*t(m). Suppose 15 = n + 20. Let q = 0 - n. What is c(q)?
3
Let b(u) = u**2 + 2. Let d(q) be the first derivative of 5*q**3/3 + 9*q**2/2 + 18*q - 113. Let g(h) = 6*b(h) - d(h). Calculate g(9).
-6
Let o(v) = 3*v**2 - 109*v - 170. Let l(y) = -y**2 + 18*y. Let f(s) = -4*l(s) - o(s). Calculate f(-5).
10
Let t(j) = -5 - 4 - 5*j - 2*j + j**2. Let f = -105 - -110. Suppose z - y = -4*y - f, -2*z + 2*y + 22 = 0. Give t(z).
-9
Let m(p) = p. Let s(q) = -q**2 + 144 + q - 298 + 6*q + 144. Let d be s(3). Calculate m(d).
2
Let t(v) = 6*v - 38338 + 19178 + 19170. Determine t(-7).
-32
Let s(k) = -k**2 + k + 4. Let c be s(0). Suppose -c*r = -r. Let i(j) = -145*j - 144*j + 290*j - 4. What is i(r)?
-4
Let a(u) = 7*u - 40. Suppose 0 = -4*p + 3*d + 49 - 15, -4*d = 5*p - 27. Calculate a(p).
9
Let b = 818 + -817. Let o(w) = -28*w**2 + 3*w - 1. Give o(b).
-26
Let b(a) = 254 - a**2 + 8*a - 137 - 129. What is b(5)?
3
Let b(z) be the first derivative of -2*z**3/3 - 15*z**2 - 3*z - 1. Suppose 535*m - 14 = 536*m + y, 6*y - y - 5 = 0. Calculate b(m).
-3
Suppose -3*g + 2 = 29. Let y(w) = -w - 11. Let i be y(g). Let c be 1/((i/(-6))/(-1)). Let r(n) = -n**2 - 3*n - 2. Calculate r(c).
-2
Suppose 6*d = 767 - 755. Let n(t) = -8*t + 23 - 9 + 29 + t**d - 38. What is n(6)?
-7
Let o(k) = -7*k**2 - 4*k - 4. Let x be o(-1). Let w be 8*(7/(-2))/x. Let f(v) = 3*v - v - 4*v + w*v - 5. Give f(6).
7
Suppose 4*g + 28 = 3*c + c, -3*c - 15 = g. Let s = 17 + g. Let n(i) be the third derivative of -i**4/24 + 13*i**3/6 - 27*i**2 + 1069. Determine n(s).
5
Let g(s) = -4*s + 1. Suppose 5*o - 37 - 13 = 5*k, 3*o - 42 = 5*k. Let y = k - -8. What is g(y)?
-7
Let d(g) = -11*g**2 - 30*g - 13. Let a(v) = 20*v**2 + 56*v + 26. Let w(s) = 6*a(s) + 11*d(s). Calculate w(11).
-42
Let a(h) = 2*h + 236 - 238 + 3*h. Let t(s) = -s - 2. Let q(n) = 2*n - 12. Let c be q(6). Let o be t(c). Determine a(o).
-12
Let x(w) = w. Let t be ((-3)/(-1) + -8)*3/5. Let u be 2 - t - 2/(4/6). Determine x(u).
2
Let v(n) be the second derivative of -n**3/6 - n**2 + 7*n - 304. Calculate v(-21).
19
Let y(d) be the third derivative of -7/24*d**4 + d**3 - 161*d**2 + 0*d + 1/60*d**5 + 0. Give y(6).
0
Let w be (-1*(-20)/(-25))/((-2)/(-25)). Let a be 27/(-18) + 15/w. Let p(z) = -14*z - 3. Calculate p(a).
39
Suppose 3*f + 59*c = 64*c + 6, -2*c = -3*f + 6. Let w(k) = -k**3 + 3*k**2 + k - 10. Determine w(f).
-4
Let m(u) = 228*u + 1142. Let t be m(-5). Let d(b) = -4*b**3 - 2*b**2 - 3*b + 2. Give d(t).
-44
Let q(p) be the third derivative of -9*p**4/8 + 10*p**3/3 + 1512*p**2. Determine q(-4).
128
Let j(u) be the third derivative of -u**4/3 - u**3/6 - u**2. Let p(a) = a - 11. Let o(b) = 14*b - 58. Let x be o(5). Let h be p(x). Calculate j(h).
-9
Let i(q) = -21